15?
-1465
Convert ba7 (base 14) to base 13.
1082
-33234 (base 5) to base 7
-6522
Convert -7a9 (base 15) to base 9.
-2336
What is -25300 (base 7) in base 16?
-1a08
Convert 24055 (base 7) to base 9.
8464
Convert 23213231 (base 4) to base 5.
3010342
Convert 111001111 (base 2) to base 16.
1cf
Convert -3d9b (base 14) to base 4.
-2222211
What is -2020 (base 4) in base 15?
-91
Convert 654 (base 7) to base 4.
11031
Convert -2233 (base 6) to base 13.
-315
83b (base 15) to base 13
aca
What is -229 (base 13) in base 8?
-565
What is 1112220001 (base 3) in base 5?
1434123
What is -126022 (base 7) in base 14?
-88b9
What is -32001 (base 4) in base 9?
-1206
What is -3a2 (base 11) in base 3?
-122121
27ad (base 14) to base 4
1231211
33203133 (base 4) to base 16
f8df
What is b62c (base 13) in base 3?
1021121001
What is -210333 (base 4) in base 10?
-2367
Convert -547 (base 12) to base 4.
-30013
17e (base 15) to base 12
248
What is -11524 (base 11) in base 2?
-100000011011011
Convert -3445 (base 14) to base 5.
-242302
-201 (base 11) to base 3
-100000
-1581 (base 11) to base 3
-2210000
Convert 351 (base 6) to base 13.
a9
What is ca7 (base 16) in base 11?
2485
-2a4 (base 11) to base 5
-2411
43d (base 16) to base 2
10000111101
260b (base 15) to base 16
1faf
Convert 4793 (base 15) to base 16.
3b6d
87b0 (base 16) to base 13
12a70
What is -6925 (base 11) in base 9?
-13433
What is -1e3 (base 16) in base 13?
-2b2
-10c1 (base 14) to base 9
-3886
Convert -222212220 (base 3) to base 6.
-230423
Convert -2a2 (base 14) to base 4.
-20112
Convert 32546 (base 7) to base 14.
2d96
Convert -6919 (base 11) to base 14.
-3459
What is -11011100 (base 2) in base 6?
-1004
Convert -1ce (base 15) to base 3.
-120112
What is 31002 (base 6) in base 8?
10012
172 (base 8) to base 7
233
What is 517 (base 9) in base 11?
353
-3101 (base 14) to base 11
-6373
Convert -100001001 (base 2) to base 15.
-12a
What is -1123023 (base 4) in base 16?
-16cb
-3 (base 15) to base 7
-3
-11100111111 (base 2) to base 11
-1437
What is a575 (base 11) in base 15?
4232
-1111001110 (base 2) to base 7
-2561
What is 1111 (base 5) in base 12?
110
221 (base 14) to base 13
265
Convert -386 (base 12) to base 9.
-653
Convert 21211111 (base 3) to base 15.
1a5a
What is -30346 (base 7) in base 6?
-54104
295 (base 15) to base 14
302
1999 (base 10) to base 4
133033
Convert -10000010 (base 2) to base 11.
-109
Convert -2ec1 (base 16) to base 7.
-46616
Convert -768 (base 9) to base 2.
-1001110101
1040 (base 5) to base 8
221
Convert -46d (base 16) to base 12.
-7a5
1011001111001 (base 2) to base 4
1121321
Convert 2010101 (base 3) to base 11.
1189
What is 10133 (base 9) in base 8?
15020
Convert -26ae (base 16) to base 3.
-111120202
2222102 (base 4) to base 14
3d86
-100100011001111 (base 2) to base 8
-44317
What is 10010011110101 (base 2) in base 4?
2103311
120010210 (base 3) to base 8
25435
What is -354 (base 9) in base 16?
-124
Convert -76b (base 14) to base 16.
-5bb
What is 211430 (base 6) in base 7?
101136
133515 (base 6) to base 5
400003
Convert -1000110111101101 (base 2) to base 8.
-106755
-3202 (base 4) to base 13
-145
What is -4b (base 14) in base 15?
-47
What is 49263 (base 10) in base 13?
19566
Convert -1401043 (base 5) to base 13.
-cb3b
Convert 12213 (base 5) to base 13.
56a
c05d (base 14) to base 15
9bab
3211112 (base 4) to base 8
34526
Convert 1192 (base 16) to base 7.
16054
Convert -6973 (base 10) to base 5.
-210343
Convert b475 (base 12) to base 4.
10303121
What is -33506 (base 8) in base 10?
-14150
3b2 (base 13) to base 7
1621
1100000000011 (base 2) to base 9
8380
Convert -103 (base 15) to base 14.
-124
Convert 57172 (base 8) to base 12.
11bb6
1101000 (base 2) to base 9
125
Convert -9489 (base 13) to base 3.
-1001012120
Convert -101c (base 14) to base 4.
-223102
-3071 (base 11) to base 13
-1b12
What is 22553 (base 7) in base 9?
7822
What is -111101010011 (base 2) in base 13?
-1a2a
What is -4938 (base 15) in base 11?
-10782
What is -57f3 (base 16) in base 14?
-82c3
Convert 443 (base 5) to base 16.
7b
What is 116aa (base 11) in base 10?
16818
Convert -10101110111101 (base 2) to base 7.
-44434
What is -252 (base 10) in base 12?
-190
What is -14936 (base 11) in base 12?
-10259
1526 (base 8) to base 16
356
Convert -2185 (base 9) to base 14.
-836
Convert 33b (base 12) to base 9.
582
Convert 10001000101 (base 2) to base 12.
771
Convert -77 (base 8) to base 9.
-70
What is 103312 (base 4) in base 3?
1202001
Convert 20a0 (base 11) to base 4.
223110
-8829 (base 11) to base 14
-435d
Convert -1221012122 (base 3) to base 6.
-452112
What is -806 (base 15) in base 11?
-13a2
4a31 (base 14) to base 13
5ba5
What is a14 (base 11) in base 8?
2311
Convert -4638 (base 9) to base 16.
-d6d
Convert d80 (base 16) to base 6.
24000
Convert -1121220 (base 3) to base 7.
-3312
Convert 568 (base 13) to base 14.
4a7
Convert 3276 (base 8) to base 6.
11554
What is 212021222 (base 3) in base 15?
5072
21b2 (base 16) to base 4
2012302
-3224 (base 6) to base 2
-1011100000
What is 4182 (base 12) in base 8?
15762
Convert 1246 (base 8) to base 14.
366
278 (base 16) to base 2
1001111000
Convert 43655 (base 7) to base 14.
3dd5
Convert 14226 (base 10) to base 4.
3132102
-1c98 (base 15) to base 10
-6218
Convert 14796 (base 13) to base 14.
10131
b16 (base 13) to base 11
1458
What is -236 (base 7) in base 6?
-325
Convert -21121110 (base 3) to base 9.
-7543
46130 (base 7) to base 13
5456
Convert 711 (base 9) to base 16.
241
Convert -3266 (base 10) to base 3.
-11110222
What is -48360 (base 10) in base 15?
-e4e0
Convert 223021 (base 4) to base 2.
101011001001
What is -11111230 (base 4) in base 14?
-7d80
-310001 (base 4) to base 9
-4508
1714 (base 8) to base 6
4300
What is 11110110 (base 2) in base 8?
366
What is -2341 (base 5) in base 15?
-181
What is -1b55 (base 14) in base 4?
-1031233
What is 529 (base 13) in base 2?
1101110000
-2121201200 (base 3) to base 16
-c969
Convert -2d01 (base 14) to base 11.
-6047
-11101110110011 (base 2) to base 10
-15283
952 (base 13) to base 16
634
What is 40403 (base 5) in base 10?
2603
Convert 102 (base 12) to base 5.
1041
Convert -416 (base 8) to base 6.
-1130
What is -101101011000000 (base 2) in base 7?
-124506
33a70 (base 12) to base 9
114473
73b9 (base 15) to base 11
1742a
Convert -11 (base 11) to base 9.
-13
Convert 1000100011 (base 2) to base 8.
1043
What is 277 (base 15) in base 12?
3aa
-141144 (base 5) to base 2
-1011010100111
-33031 (base 8) to base 12
-8021
-21 (base 14) to base 16
-1d
What is 8d (base 14) in base 13?
98
Convert -11200 (base 3) to base 5.
-1001
Convert -30424 (base 7) to base 10.
-7417
Convert 122200112 (base 3) to base 13.
5b3a
Convert -a20 (base 13) to base 5.
-23331
What is 26cc (base 13) in base 10?
5576
Convert 4604 (base 7) to base 16.
686
Convert 1022221011 (base 3) to base 16.
6652
Convert 1d05 (base 16) to base 2.
1110100000101
Convert 970 (base 13) to base 14.
832
Convert -107 (base 10) to base 16.
-6b
-a84 (base 15) to base 6
-14554
Convert 1031 (base 8) to base 6.
2253
-110020022 (base 3) to base 9
-13208
What is 114331 (base 6) in base 10?
10063
What is 13112 (base 5) in base 15?
48c
-229a1 (base 14) to base 10
-84225
What is cd1 (base 15) in base 5?
43041
What is -20022002 (base 3) in base 9?
-6262
-1d31 (base 14) to base 16
-14d7
1367 (base 11) to base 15
7cc
532235 (base 6) to base 5
2341140
Convert 181 (base 16) to base 8.
601
What is -101032 (base 5) in base 11?
-2500
Convert -1004 (base 6) to base 15.
-ea
-1211 (base 6) to base 12
-207
Convert 2935 (base 14) to base 10.
7299
103423 (base 5) to base 16
e1d
-291 (base 14) to base 13
-30c
-1202030 (base 4) to base 13
-2b25
Convert -433 (base 9) to base 14.
-1b4
Convert -1006 (base 7) to base 13.
-20b
-10000000010 (base 2) to base 7
-2664
What is -375 (base 9) in base 16?
-137
What is -10410 (base 7) in base 16?
-a2c
What is -13675 (base 10) in base 4?
-3111223
-55 (base 8) to base 15
-30
Convert 2211022220 (base 3) to base 7.
321141
What is -84a (base 11) in base 15?
-482
Convert 70 (base 14) to base 16.
62
Convert -14405 (base 8) to base 2.
-1100100000101
-45660 (base 12) to base 6
-1552200
Convert -11b4 (base 12) to base 6.
-13144
Convert 490 (base 10) to base 8.
752
What is -20524 (base 7) in base 6?
-35241
12344 (base 6) to base 3
2120001
Con